hird derivative of 0 - 7/60*z**5 + 1/2*z**4 + 11/6*z**3 + 0*z - 1/120*z**6 + 5*z**2. Is v(-9) composite?
True
Let x = 6 - 31. Is (-2246)/(-5) + 5/x prime?
True
Let g = 3306 + 1058. Suppose -9*t + 2107 = -g. Is t composite?
False
Let v(d) = -6*d**3 + 3*d**2 + 13*d + 19. Let m be v(-9). Suppose 1129 = -10*l + m. Is l a prime number?
False
Let u(x) = -x**3 - 10*x**2 - 8*x + 12. Let i be u(-9). Let s(h) = 22*h**2 - 3*h + 2. Is s(i) composite?
False
Suppose -7*h = -3*h + 4*l - 4, -3*l = -2*h + 12. Let t = h + 1. Suppose 0*w = -t*w + 4*g + 464, -119 = -w + 4*g. Is w prime?
False
Suppose -6*v + 15 = -v. Let k(m) = -7 - 46*m + 175*m - 39*m. Is k(v) a prime number?
True
Suppose 1439 = -13*k + 22876. Is k composite?
True
Let a(r) = -3*r**2 - 15*r + 11. Let q(z) = 3*z**2 + 15*z - 11. Let o(s) = 3*a(s) + 4*q(s). Is o(-9) prime?
True
Suppose -2*z = -3805 + 825. Let t = z + -839. Let r = 1060 - t. Is r a prime number?
True
Let m = 1 + 1. Is 63 - (m + -9 + 3) composite?
False
Let t(b) = -2*b + 10. Let r be t(-5). Suppose -5*a = 3*z + 21 - 6, -4*z = -5*a + r. Suppose a = 3*f - 88 - 11. Is f prime?
False
Let p(d) = -7266*d - 211. Is p(-3) a composite number?
False
Suppose -3*m - 6049 = -4*y, m + 3*y = -2*y - 2029. Let g = -640 - m. Is g composite?
True
Let i = 1231 - 685. Suppose -2830 = -4*f - f - 5*w, 5*w = -f + i. Is f prime?
True
Let q = 677 - -2822. Is q composite?
False
Is 31413/18 + (-5)/30 prime?
False
Suppose -21 = -2*l + 3*s, -l + 4*s + 21 + 2 = 0. Suppose 0 = -2*q - 2*q + 12. Suppose -l*n = 2*d - 8*n - 263, 3*n + q = 0. Is d prime?
False
Let q(m) be the third derivative of m**4/24 + m**3/6 - 4*m**2. Let a be q(1). Is (9 + -3)*67/a a prime number?
False
Let c = -9 - -11. Suppose g - 182 = -c*a - 2*g, 0 = 3*a - g - 262. Suppose 5*f = -2*d + 109, -4*f = -d + 3*d - a. Is f a prime number?
False
Is (-2 + 3)/((-13)/(-110773)) a prime number?
True
Let r(h) = 6327*h + 538. Is r(21) a prime number?
False
Suppose 5*d - 52741 = -8*d. Is d a prime number?
True
Is (-2282)/(-6) - (-28)/(-21) prime?
True
Suppose 2*y + 2*y - 104 = 0. Let n = y + -21. Suppose -n*g = -0*g - 290. Is g composite?
True
Suppose 791322 = 58*v - 10760. Is v a composite number?
False
Let j = -306 + 877. Is j a prime number?
True
Suppose -3*t = -3*d - 2*t + 29, -d - 2*t - 2 = 0. Let o(i) = -i**3 + 4*i - 3. Let z be o(d). Let n = 1550 + z. Is n prime?
False
Let d(k) = 38*k**2 - 5*k - 1. Let r be (1/3)/((-2)/36). Is d(r) a prime number?
False
Suppose 541*m - 12951 = 538*m. Is m prime?
False
Let r(t) = t**3 - 8*t**2 - 10*t + 7. Let x be r(9). Let f be (-15)/x*392/7. Suppose -2*y + f = -2. Is y a composite number?
False
Let g(a) = a**3 + 9*a**2 + 3*a + 27. Let d be g(-9). Suppose -5*w + 666 + 349 = d. Is w a composite number?
True
Let c(j) = -j**3 + 16*j**2 - 16*j + 17. Let l be c(15). Is 891/7 + l/(-7) a prime number?
True
Suppose -38849 = -5*j - 6*b + 3*b, 0 = -5*j + 5*b + 38865. Is j a prime number?
False
Suppose -4*y + 0 = -4*s - 12, 4*y - 12 = s. Suppose s*p - 1200 = 4*p. Let c = -133 - p. Is c a composite number?
False
Let d be (2 - -1) + 6 - 2. Suppose -5*s - 10 = -d*s. Suppose -334 = -s*p + 981. Is p a composite number?
False
Suppose 5*z - 6599 = 2*r, 5*r + 2*z + 16541 = -0*z. Let a = 9120 + r. Is a prime?
True
Is (404/(-20))/(5/(-925)) a prime number?
False
Suppose h + 2*h = 39. Is (h - 13) + 0 + 55 a prime number?
False
Let z = -992 + 1573. Let t = z - 318. Is t composite?
False
Suppose 0 = -4*t - 12, -3*s + 0*s = -5*t - 30. Suppose 181 = -s*p + 756. Is p a composite number?
True
Suppose -3*r = -14*r + 462. Let p = r + 1924. Is p prime?
False
Suppose 4*m - 4*j = 5*m - 6805, -5*j = -4*m + 27241. Is m a composite number?
True
Suppose 0 = 3*s + 3*t - 2949, -s + 0*t - 2*t = -984. Suppose -s = -17*u + 19*u. Let f = 8 - u. Is f prime?
True
Let z(r) be the second derivative of r**4/6 - r**3 + r**2/2 + 4*r. Let n be 2/(-8) - (-50)/8. Is z(n) composite?
False
Let o = 68 - 64. Suppose -o*j = 16, -3*z - j + 145 + 556 = 0. Is z composite?
True
Let i(s) = s**2 - s - 3. Suppose 0 = 5*o + 3*j - 19, 3*j - 3 = 5*o - 4. Suppose l + 8 = o*l. Is i(l) prime?
True
Let v = -3365 - -5428. Is v prime?
True
Is 1/((-5)/(-36230)) + (-1 - 2) prime?
True
Suppose -5*i + 26 = 1, 3*l = 5*i + 722. Let v = 75 + 55. Suppose t - l - v = 0. Is t prime?
True
Suppose 0 = 3*t + 2*t - 65. Suppose 2*z - 14 = -2*q, 5*z + t = 4*q + 3. Suppose q*l + 67 = 1122. Is l composite?
False
Let o be (-4)/18 - (-7431)/27. Suppose t + o = 3*d, 4*d + 5*t - 340 = t. Suppose -q = -71 - d. Is q prime?
False
Let c(n) be the second derivative of -n**4/6 + n**3/6 - 9*n**2/2 - 3*n. Let a(x) = 1. Let l(q) = -5*a(q) - c(q). Is l(-11) a prime number?
True
Let i(p) = p**2 + 11*p + 12. Let a(c) = c**3 + 8*c**2 + 9*c + 4. Let s be a(-7). Let v be i(s). Is 124 + 1/1 + v prime?
True
Let s(d) = -d**2 + d + 8. Let x be s(3). Suppose 2*k + 5*n = 428, -n + 424 = x*k + 2*n. Is k a composite number?
True
Suppose 9 + 11 = 2*r - 3*b, 0 = -3*r - b + 19. Suppose -275 = -r*o + 2*o. Is o composite?
True
Let s be 2/4 - (-30322)/4. Is s/11 + (-22)/121 composite?
True
Let g(q) be the second derivative of 23*q**4/4 + 13*q**3/6 + 47*q**2/2 - 34*q. Is g(-6) prime?
False
Suppose -9*w + 8*w = -8. Suppose -w = 4*x - 0. Is (-880)/(-1) + x + -1 a composite number?
False
Let p = 465 + 16. Is p a prime number?
False
Let g(k) = -k**2 + 22*k + 5. Let z be g(22). Suppose 817 = q - z*t + 200, 3*q - t = 1795. Is q a prime number?
False
Suppose 0 = n - 21 + 87. Is 1 + n*(0 + -4) a composite number?
True
Let q = 35 - -184. Suppose -i + q = -2*u + 4*u, 4*i = -3*u + 861. Is i a prime number?
False
Suppose 2*t - x = 4295, -3*x = 3*t + t - 8585. Is t prime?
False
Suppose 0 = -h - 624 - 147. Let z = h - -1258. Is z a composite number?
False
Suppose -19*v = -15*v. Let a be 0/(-1) - (v + 10). Is 4/a - 224/(-10) a prime number?
False
Let x(w) = 3206*w - 79. Is x(6) a prime number?
True
Let i be (-3)/(-2)*(-4)/(-2). Suppose d + 1125 = l - d, -i*l + 3*d = -3363. Is l a prime number?
True
Suppose 0 = -0*z + 4*z - t - 9, -4*t = -z - 9. Suppose c = 2*s - 4*c - 1963, -c = -z. Is s a prime number?
False
Suppose -5*i + 0*k + 56 = k, -2*i + 2*k + 32 = 0. Suppose m - 3 = i. Is m a composite number?
True
Let b(x) = -863*x**3 - 2*x**2 + 4*x + 15. Let r be b(-3). Is 4/(-6) - r/(-18) composite?
True
Is 1289 - (-7 - -5 - (-1 + -5)) prime?
False
Let k(o) = -152*o**2 - 5*o. Let u(i) = -151*i**2 - 6*i. Let h(j) = -5*k(j) + 4*u(j). Is h(1) prime?
True
Suppose -3*f + n + 6549 = 0, -f + 4*n + 1563 + 631 = 0. Is f a prime number?
False
Let b(i) = 307*i**3 + 3*i**2 + 9*i - 14. Is b(3) composite?
False
Suppose 0 = 4*r - 5*g - 18, 3*r + 0 = g + 8. Suppose -s = -r*s + 233. Is s - (-3 - -3) - 0 composite?
False
Suppose 0 = 4*y + 5*j - 6, -5*y - 6*j = -j - 5. Let w be 8/(-10)*1075/(-2). Is -4 + y/((-2)/w) composite?
False
Let x(v) = -6*v**3 + 12*v**2 - 2*v - 14. Let o(f) = -5*f**3 + 11*f**2 - 3*f - 13. Suppose 4*j = 2*j - 10. Let y(m) = j*o(m) + 4*x(m). Is y(7) composite?
True
Let f(m) = -m**3 - 22*m**2 - 15*m + 18. Let z be f(-22). Let k = -185 + z. Is k a prime number?
True
Is 5 - (-9)/9*7292 a composite number?
False
Let b(u) = -57*u**3 - 9*u**2 - 37*u + 11. Let f(h) = 14*h**3 + 2*h**2 + 9*h - 3. Let q(z) = 2*b(z) + 9*f(z). Is q(4) a composite number?
True
Let y = -11 - -64. Suppose -1078 = -5*m + 192. Suppose -3*d - y + m = 0. Is d composite?
False
Let m(i) = 20*i**2 + 2*i + 3. Let d be 1 + 2/(4 - 2). Suppose -d*p + 3*p = -5*x - 10, 3*x = p - 6. Is m(x) prime?
True
Let z(i) = -i**3 + 5*i**2 - i + 9. Let l be z(5). Suppose -4*t = l*c - 1932, -5*c + 1549 = -5*t - 886. Is c composite?
True
Suppose 0 = 3*o - 0 - 159. Suppose -o*r = -57*r + 14636. Is r prime?
True
Is ((-73888)/(-80))/((-4)/(-10)) prime?
True
Let k = 21 + -24. Let w(f) = -6*f**3 + 5*f**2 + 3*f + 1. Is w(k) a composite number?
False
Suppose 0 = -a - 2*r + 5, -5*a = -4*r + 7*r - 18. Suppose -3*j - a*m + 4 = -56, -3*j - 5*m + 70 = 0. Is (762/j)/((-2)/(-5)) a prime number?
True
Let l be 8/10 + 126/30. Let m(j) = 7*j - l + 6*j**2 + 5*j**3 - 8*j**2 + 5*j**3. Is m(4) a prime number?
True
Let q be (-15)/(-3) + (0 - 3). Let c be q/6*1*6. Suppose 3*d - 348 = -2*k, c*k - 5*k = -5*d - 541. Is k a prime number?
False
Suppose 3*f = 4 - 7. Let p(v) = -581*v**3 + v**2 +